ded by (-9*z/(-8))/(-6)*4.
1
Let w(v) = 82*v**2 - 1. Let f be w(-1). Let z = f + -53. What is the remainder when z is divided by 10?
8
Let v = -7 + 38. Suppose 36 = s + 4*q, 2*s - 4*q - 5 - v = 0. What is the remainder when s is divided by 7?
3
Let p(m) = m - 2. Let y be p(10). Let o be 12/y*112/(-3). Let b = 79 + o. Calculate the remainder when b is divided by 6.
5
Suppose 0 = -4*l - 16 + 76. Calculate the remainder when (-7 - (-176)/12)/(1/3) is divided by l.
8
What is the remainder when 1*(-1)/5 - 4698/(-15) is divided by 21?
19
Suppose 0 = -6*y - 23 + 161. What is the remainder when 252 is divided by y?
22
Suppose 4*l + 5*b = 60, 5*l - l - 2*b = 60. Suppose -5*c + 6*c - l = 0. What is the remainder when 72 is divided by c?
12
Let w(l) = l - l + l**2 - 2. Let y = -60 - -62. Calculate the remainder when 3 is divided by w(y).
1
Let g = -45 + 38. Let u = 1 + 11. Let f = g + u. What is the remainder when 7 is divided by f?
2
Suppose 0 = -12*i + 15*i - 48. What is the remainder when 116/(-8)*-2 - -2 is divided by i?
15
Let s(h) = -h**3 - 2*h**2 + 2*h - 10. What is the remainder when 335 is divided by s(-4)?
13
Let g(z) = -3*z - 56. Calculate the remainder when g(-40) is divided by 11.
9
Suppose 22*i - 2816 = 11*i. Calculate the remainder when i is divided by 38.
28
Let z(j) = j**3 - 6*j**2 + 11*j - 7. What is the remainder when z(7) is divided by 8?
7
Let x(q) = -q**3 + 3*q**2 - q + 1. Suppose 0 = -2*d - d + 30. Suppose 4*n - 22 = d. What is the remainder when n is divided by x(2)?
2
Let b = 232 - 211. What is the remainder when 51 is divided by b?
9
Suppose 3*n = 5*b + 8*n + 35, 0 = -2*n. Suppose 0 = -3*m - 3*t - 18, 9 - 17 = 2*m + 4*t. What is the remainder when (-12)/b + m/(-28) is divided by 2?
0
Let l = -11 - -13. Let o be 1*l*21/(-14). Calculate the remainder when 4 is divided by 18/(-6)*2/o.
0
Suppose 40 = -o + 9*o. Suppose y - o*u - 117 = 0, 2*u + 393 = 4*y - 3*u. Calculate the remainder when y is divided by 32.
28
Suppose -16*a + 275 = -957. What is the remainder when a is divided by 24?
5
Suppose 0*o - 3*o = -15. Suppose 0 = -p + 17 + o. Let a = 25 - p. Calculate the remainder when 7 is divided by a.
1
Let s(y) = -11*y**2 + 11*y**2 + 98*y**3 + 4*y**3 - y. What is the remainder when s(1) is divided by 51?
50
Let i(f) = 12*f + 36 - 7*f - 4*f. Calculate the remainder when 17 is divided by i(-27).
8
Let t(k) = 2*k**2 + 4*k - 6. Let q be ((-150)/(-45))/(2/(-3)). What is the remainder when 70 is divided by t(q)?
22
Suppose 5*x + 8*x - 481 = 0. Calculate the remainder when 69 is divided by x.
32
Suppose 5*k = -3*i + 76, 0 = -2*i + k - 4*k + 50. Suppose 0 = -4*w + 150 + 106. What is the remainder when w is divided by i?
20
Let h = -12 - -29. Let l be 4*3*(-1)/(-6). Suppose -l*m + h = -5. Calculate the remainder when 32 is divided by m.
10
Suppose 3*j + 3*w = -22 - 5, -w + 11 = -j. Suppose 0 = 3*o + 5*n + 48, 5*o + 4*n = -0*n - 80. Let l = j - o. Calculate the remainder when 14 is divided by l.
2
Let c(l) = 4*l + 17. Let u be c(-21). Let g = 11 - u. What is the remainder when g is divided by 22?
12
Let k(o) = 14*o**2 - 82*o - o**2 + 3 + 81*o + 13*o**2. What is the remainder when k(1) is divided by 18?
10
Let h(y) = 3*y**3 - 10*y**2 + 2*y + 6. Let n be h(3). Suppose -o - 19 = -5*s + 26, 34 = n*s - 2*o. Calculate the remainder when s is divided by 3.
2
Let u(a) = -62*a - 199. What is the remainder when u(-10) is divided by 5?
1
Let h = -159 - -168. Let o(g) = -g**3 + 7*g**2 + 10*g + 3. Let n be o(8). Let f = n - h. What is the remainder when 29 is divided by f?
9
Suppose -2*o + 17 = -o. Suppose 60 = w - 5*g, 8*g - 108 = -2*w + 12*g. What is the remainder when w is divided by o?
16
Suppose m + 2*m = k + 249, 3*k - 9 = 0. Let j = -54 + m. Calculate the remainder when j is divided by 11.
8
Suppose 2*r = 5*z + 838, -4*r + 8*z - 3*z = -1676. What is the remainder when r is divided by 85?
79
Suppose r - 27 = -6. Suppose -b + r = 2*b. Suppose -20*u - 6 = -23*u. Calculate the remainder when b is divided by u.
1
Let g(p) = -7*p + 10. Let n(x) = -3*x**2 - 20*x + 18. Calculate the remainder when g(-6) is divided by n(-7).
8
Suppose -640 = 6*r - 3940. Suppose 39 = 19*k - r. Let u(l) = 20*l + 3. What is the remainder when u(6) is divided by k?
30
Let l(u) = -19*u - 6. Let k(o) = 5*o - 3. Let c(f) = f**3 + 4*f**2 - 4*f + 12. Let m be c(-5). Calculate the remainder when l(-7) is divided by k(m).
31
Let r(x) = -x**3 - x**2 + 6. Calculate the remainder when 9 is divided by r(0).
3
Suppose -4*l - 1 = -4*v + 19, -2*v = l + 14. Let k be l/3*(-135)/(-36). Let s = -4 - k. What is the remainder when s is divided by 2?
0
Let a(d) = 2*d**2 - 17*d + 29. What is the remainder when 374 is divided by a(8)?
17
Suppose -5*q = -3 - 2. Let g = -92 - -94. Calculate the remainder when q is divided by ((-6)/(-30))/(g/10).
0
Let f = 441 - 340. Calculate the remainder when 311 is divided by f.
8
What is the remainder when 39 is divided by (24/(-15))/(34/(-255))?
3
Suppose 486 = -8*a + 35*a. Calculate the remainder when 30 is divided by a.
12
Let j(k) = -k**3 - 9*k**2 + 22*k + 2. Let w be j(-11). Suppose o + w*o = 69. What is the remainder when o is divided by 6?
5
Suppose -2*q - 73 = -3*o, -3*q - 21 - 75 = -4*o. Let a = 151 - 108. Let u = 50 - a. Calculate the remainder when o is divided by u.
6
Suppose i = 4*i - 4*m - 68, -105 = -5*i + 5*m. What is the remainder when i is divided by 15?
1
Suppose -25*q + 239 = -24*q. Calculate the remainder when q is divided by 11.
8
Suppose 0 = -g - 2*x + 115, x + 605 = 5*g + 5*x. Let n(o) = o + 22. Let v be 20/(8/((-8)/(-2))). What is the remainder when g is divided by n(v)?
29
Calculate the remainder when (120/(-90))/(4/(-3))*1427 is divided by 51.
50
Let y(c) = -c + 18. Suppose -5*n + 60 = -0*n. What is the remainder when 23 is divided by y(n)?
5
Let v = 1840 + -1676. Calculate the remainder when v is divided by 56.
52
Let f(p) be the second derivative of -p**4/6 - 9*p**3/2 - 7*p**2 + 4*p. Calculate the remainder when f(-11) is divided by 6.
5
Let v be (8/12)/(1/30). Let j = 68 - v. What is the remainder when j is divided by 17?
14
Suppose -3*s = 5*q - 14, 1 = -s + 4. Let k = q + 3. Suppose 0 = -r - x + 25, k*x + 21 = r + 3*x. What is the remainder when 44 is divided by r?
21
Suppose -4*g - 228 - 66 = -5*d, 1 = -g. Calculate the remainder when d is divided by 56.
2
Let z(k) = 22*k**3 - 2*k**2 + k - 3. Let q(y) = 23*y**3 - y**2 + y - 2. Let i(l) = -3*q(l) + 2*z(l). Calculate the remainder when i(-1) is divided by 15.
10
Let g = 1 - 4. What is the remainder when (-12)/(g - -6) - -38 is divided by 18?
16
Let m(s) = s**2 - 2*s - 12. Let i(b) = -2*b**2 + 5*b + 24. Let t(o) = 3*i(o) + 7*m(o). What is the remainder when t(-5) is divided by 4?
0
Suppose -2*o - 4*s = -60, -46 = 4*o + 3*s - 171. What is the remainder when o is divided by 29?
3
Let s(o) = -o - 45. Let y be s(-33). Let q(g) = g**3 + g - 8. Let p be q(0). What is the remainder when 9 is divided by 16/3 + p/y?
3
Let k be (5/(-2))/(2/4). Let i = 1 - k. Suppose 2*v = -4*w + 6, 1 = 3*w - 0*v + 5*v. Calculate the remainder when i is divided by w.
0
Let l = -75 + 87. Calculate the remainder when 59 is divided by l.
11
Let p = -142 + 78. Let v = p - -38. Let k = 41 + v. Calculate the remainder when k is divided by 6.
3
Suppose 3*n = 67 - 373. What is the remainder when 42 is divided by n/(-9) + (-7)/21?
9
Let c be -8 + 89 + (3 - 1). Let w = c + -54. Calculate the remainder when w is divided by 3.
2
Let t(h) = -h**2 + 14*h - 30. Calculate the remainder when 25 is divided by t(8).
7
Suppose 4 = y - 18. Let u = y + -16. Calculate the remainder when 11 is divided by u.
5
Let o(j) = j**3 - 2*j**2 + j + 2. Let n be o(3). Let y = n + -14. Suppose 5*x + h = 67, -3*x - 3*h + 7*h + 54 = y. What is the remainder when x is divided by 2?
0
Let c(z) = -z**3 - 4*z**2 + 18*z + 42. What is the remainder when 71 is divided by c(-6)?
5
Suppose 5*v = 5*l + 45, v - l = -4*v + 57. Calculate the remainder when 29 is divided by v.
5
What is the remainder when 69 is divided by 2792/72 - ((-188)/36 + 5)?
30
Let h = 3 - -26. Suppose j = 4*t - j - 62, 0 = -3*t + 5*j + h. What is the remainder when 71 is divided by t?
17
Suppose 0 = -16*q - 3*q + 152. What is the remainder when 27 is divided by q?
3
Let i be 140/30 + (0 -